{"id":21172,"date":"2024-01-30T12:07:06","date_gmt":"2024-01-30T11:07:06","guid":{"rendered":"http:\/\/bistrotcolette.com\/bourgoinjallieu\/?post_type=product&#038;p=21172"},"modified":"2025-03-04T16:40:34","modified_gmt":"2025-03-04T15:40:34","slug":"cote-de-gascogne-igp-75cl","status":"publish","type":"product","link":"https:\/\/bistrotcolette.com\/bourgoinjallieu\/product\/cote-de-gascogne-igp-75cl\/","title":{"rendered":"C\u00f4te de Gascogne IGP 75cl"},"content":{"rendered":"<p>C\u00f4te de Gascogne IGP 75cl &#8211; SAINT ANDR\u00c9 \/ DOMAINE DE JOY<\/p>\n<p>Un e\u0301quilibre surprenant sucre, frai\u0302cheur et acidite\u0301<\/p>\n","protected":false},"excerpt":{"rendered":"<p>C\u00f4te de Gascogne IGP 75cl &#8211; SAINT ANDR\u00c9 \/ DOMAINE DE JOY<\/p>\n<div class=\"page\" title=\"Page 1\">\n<div class=\"layoutArea\">\n<div class=\"column\">\n<p>Un e\u0301quilibre surprenant sucre, frai\u0302cheur et acidite\u0301<\/p>\n<\/div>\n<\/div>\n<\/div>\n","protected":false},"featured_media":0,"template":"","meta":[],"product_cat":[201],"product_tag":[],"class_list":{"0":"post-21172","1":"product","2":"type-product","3":"status-publish","5":"product_cat-vins","7":"first","8":"instock","9":"taxable","10":"shipping-taxable","11":"purchasable","12":"product-type-simple"},"_links":{"self":[{"href":"https:\/\/bistrotcolette.com\/bourgoinjallieu\/wp-json\/wp\/v2\/product\/21172","targetHints":{"allow":["GET"]}}],"collection":[{"href":"https:\/\/bistrotcolette.com\/bourgoinjallieu\/wp-json\/wp\/v2\/product"}],"about":[{"href":"https:\/\/bistrotcolette.com\/bourgoinjallieu\/wp-json\/wp\/v2\/types\/product"}],"wp:attachment":[{"href":"https:\/\/bistrotcolette.com\/bourgoinjallieu\/wp-json\/wp\/v2\/media?parent=21172"}],"wp:term":[{"taxonomy":"product_cat","embeddable":true,"href":"https:\/\/bistrotcolette.com\/bourgoinjallieu\/wp-json\/wp\/v2\/product_cat?post=21172"},{"taxonomy":"product_tag","embeddable":true,"href":"https:\/\/bistrotcolette.com\/bourgoinjallieu\/wp-json\/wp\/v2\/product_tag?post=21172"}],"curies":[{"name":"wp","href":"https:\/\/api.w.org\/{rel}","templated":true}]}}