{"id":21287,"date":"2024-03-01T14:48:57","date_gmt":"2024-03-01T13:48:57","guid":{"rendered":"http:\/\/bistrotcolette.com\/bourgoinjallieu\/?post_type=tribe_events&#038;p=21287"},"modified":"2024-03-01T14:52:33","modified_gmt":"2024-03-01T13:52:33","slug":"fete-des-grand-meres","status":"publish","type":"tribe_events","link":"https:\/\/bistrotcolette.com\/bourgoinjallieu\/event\/fete-des-grand-meres\/","title":{"rendered":"F\u00eate des grand-m\u00e8res 2024"},"content":{"rendered":"<h1>F\u00eate des Grand M\u00e8res 2024<\/h1>\n<h4>Dimanche 3 Mars 2024 &#8211; Bistrot Colette Bourgoin Jallieu<\/h4>\n<pre>Dimanche 3 mars, c'est la f\u00eate des grand-m\u00e8res !\r\nPour cette occasion, on vous propose un classique de la gastronomie Fran\u00e7aise, Blanquette de veau &amp; Riz pilaf\r\n\r\n<a href=\"https:\/\/bookings.zenchef.com\/results?rid=356849&amp;pid=1001\" target=\"_blank\" rel=\"noopener\">Pensez \u00e0 r\u00e9server<\/a><\/pre>\n","protected":false},"excerpt":{"rendered":"<p>Dimanche 3 mars, c&#8217;est la f\u00eate des grand-m\u00e8res !!! \ud83d\udc75\ud83c\udffb<br \/>\nPour cette occasion, on vous propose un classique de la gastronomie Fran\u00e7aise, Blanquette de veau &#038; Riz pilaf \ud83d\ude0e\ud83c\uddeb\ud83c\uddf7<\/p>\n","protected":false},"author":1,"featured_media":21288,"comment_status":"closed","ping_status":"closed","template":"","meta":{"_tribe_events_status":"","_tribe_events_status_reason":"","footnotes":""},"tags":[],"tribe_events_cat":[],"class_list":["post-21287","tribe_events","type-tribe_events","status-publish","has-post-thumbnail","hentry"],"_links":{"self":[{"href":"https:\/\/bistrotcolette.com\/bourgoinjallieu\/wp-json\/wp\/v2\/tribe_events\/21287","targetHints":{"allow":["GET"]}}],"collection":[{"href":"https:\/\/bistrotcolette.com\/bourgoinjallieu\/wp-json\/wp\/v2\/tribe_events"}],"about":[{"href":"https:\/\/bistrotcolette.com\/bourgoinjallieu\/wp-json\/wp\/v2\/types\/tribe_events"}],"author":[{"embeddable":true,"href":"https:\/\/bistrotcolette.com\/bourgoinjallieu\/wp-json\/wp\/v2\/users\/1"}],"replies":[{"embeddable":true,"href":"https:\/\/bistrotcolette.com\/bourgoinjallieu\/wp-json\/wp\/v2\/comments?post=21287"}],"version-history":[{"count":4,"href":"https:\/\/bistrotcolette.com\/bourgoinjallieu\/wp-json\/wp\/v2\/tribe_events\/21287\/revisions"}],"predecessor-version":[{"id":21292,"href":"https:\/\/bistrotcolette.com\/bourgoinjallieu\/wp-json\/wp\/v2\/tribe_events\/21287\/revisions\/21292"}],"wp:featuredmedia":[{"embeddable":true,"href":"https:\/\/bistrotcolette.com\/bourgoinjallieu\/wp-json\/wp\/v2\/media\/21288"}],"wp:attachment":[{"href":"https:\/\/bistrotcolette.com\/bourgoinjallieu\/wp-json\/wp\/v2\/media?parent=21287"}],"wp:term":[{"taxonomy":"post_tag","embeddable":true,"href":"https:\/\/bistrotcolette.com\/bourgoinjallieu\/wp-json\/wp\/v2\/tags?post=21287"},{"taxonomy":"tribe_events_cat","embeddable":true,"href":"https:\/\/bistrotcolette.com\/bourgoinjallieu\/wp-json\/wp\/v2\/tribe_events_cat?post=21287"}],"curies":[{"name":"wp","href":"https:\/\/api.w.org\/{rel}","templated":true}]}}

Fête des grand-mères 2024

<h1>Fête des Grand Mères 2024</h1>
<h4>Dimanche 3 Mars 2024 &#8211; Bistrot Colette Bourgoin Jallieu</h4>
<pre>Dimanche 3 mars, c'est la fête des grand-mères !
Pour cette occasion, on vous propose un classique de la gastronomie Française, Blanquette de veau &amp; Riz pilaf

<a href="https://bookings.zenchef.com/results?rid=356849&amp;pid=1001" target="_blank" rel="noopener">Pensez à réserver</a></pre>

<p>Dimanche 3 mars, c&#8217;est la fête des grand-mères !!! 👵🏻<br />
Pour cette occasion, on vous propose un classique de la gastronomie Française, Blanquette de veau &#038; Riz pilaf 😎🇫🇷</p>
