{"id":21042,"date":"2025-05-19T14:09:26","date_gmt":"2025-05-19T12:09:26","guid":{"rendered":"https:\/\/bistrotcolette.com\/thevillage\/?page_id=21042"},"modified":"2025-10-01T08:52:30","modified_gmt":"2025-10-01T06:52:30","slug":"click-collect","status":"publish","type":"page","link":"https:\/\/bistrotcolette.com\/thevillage\/click-collect\/","title":{"rendered":"Click &amp; Collect"},"content":{"rendered":"\t\t<div data-elementor-type=\"wp-page\" data-elementor-id=\"21042\" class=\"elementor elementor-21042\">\n\t\t\t\t\t\t<section class=\"elementor-section elementor-top-section elementor-element elementor-element-12217bfa elementor-section-boxed elementor-section-height-default elementor-section-height-default sc_fly_static\" data-id=\"12217bfa\" data-element_type=\"section\">\n\t\t\t\t\t\t<div class=\"elementor-container elementor-column-gap-extended\">\n\t\t\t\t\t<div class=\"elementor-column elementor-col-100 elementor-top-column elementor-element elementor-element-4111dc35 sc_inner_width_none sc_content_align_inherit sc_layouts_column_icons_position_left sc_fly_static\" data-id=\"4111dc35\" data-element_type=\"column\">\n\t\t\t<div class=\"elementor-widget-wrap elementor-element-populated\">\n\t\t\t\t\t\t<div class=\"elementor-element elementor-element-cbc35b8 sc_fly_static elementor-widget elementor-widget-heading\" data-id=\"cbc35b8\" data-element_type=\"widget\" data-widget_type=\"heading.default\">\n\t\t\t\t<div class=\"elementor-widget-container\">\n\t\t\t<h2 class=\"elementor-heading-title elementor-size-default\">Commandez vos plats \u00e0 emporter !<\/h2>\t\t<\/div>\n\t\t\t\t<\/div>\n\t\t\t\t<div class=\"elementor-element elementor-element-5510bc8 sc_fly_static elementor-widget elementor-widget-spacer\" data-id=\"5510bc8\" data-element_type=\"widget\" data-widget_type=\"spacer.default\">\n\t\t\t\t<div class=\"elementor-widget-container\">\n\t\t\t\t\t<div class=\"elementor-spacer\">\n\t\t\t<div class=\"elementor-spacer-inner\"><\/div>\n\t\t<\/div>\n\t\t\t\t<\/div>\n\t\t\t\t<\/div>\n\t\t\t\t<div class=\"elementor-element elementor-element-7d5235c sc_fly_static elementor-widget elementor-widget-text-editor\" data-id=\"7d5235c\" data-element_type=\"widget\" data-widget_type=\"text-editor.default\">\n\t\t\t\t<div class=\"elementor-widget-container\">\n\t\t\t\t\t\t\t<p class=\"\" data-start=\"101\" data-end=\"285\">Au Bistrot Colette, savourez nos plats faits maison&#8230; m\u00eame chez vous !<br data-start=\"183\" data-end=\"186\" \/>Nous vous proposons un service de commande par t\u00e9l\u00e9phone avec retrait sur place en Click &amp; Collect.<\/p>\n<p class=\"\" data-start=\"287\" data-end=\"476\">\ud83d\udcde Passez votre commande au <a href=\"https:\/\/www.google.com\/search?q=bistrot+colette+village+des+marques&amp;rlz=1C5CHFA_enFR1156FR1156&amp;oq=bistrot+colette+du+villa&amp;gs_lcrp=EgZjaHJvbWUqCAgCEAAYFhgeMgYIABBFGDkyBggBEEUYQDIICAIQABgWGB4yCAgDEAAYFhgeMggIBBAAGBYYHjIGCAUQRRg8MgYIBhBFGDwyBggHEEUYPNIBCDU3NDBqMGo0qAIAsAIB&amp;sourceid=chrome&amp;ie=UTF-8#\" data-dtype=\"d3ph\" data-local-attribute=\"d3ph\" data-ved=\"2ahUKEwil4PWNwq-NAxWiKvsDHQeaBC4QkAgoAHoECDMQAg\" rel=\"noopener\"><span aria-label=\"Appeler le 04 74 95 68 12\">04 74 95 68 12<\/span><\/a><br data-start=\"416\" data-end=\"419\" \/>\ud83d\udccd Retrait directement au bistrot<\/p>\n<p class=\"\" data-start=\"478\" data-end=\"707\">Profitez de la cuisine g\u00e9n\u00e9reuse et conviviale de Colette \u00e0 emporter : plats du jour, classiques du bistrot, desserts maison&#8230;<\/p>\n<p class=\"\" data-start=\"478\" data-end=\"707\"><br data-start=\"605\" data-end=\"608\" \/>Consultez notre carte du moment sur le site ou appelez-nous pour conna\u00eetre les suggestions du chef.<\/p>\t\t\t\t\t\t<\/div>\n\t\t\t\t<\/div>\n\t\t\t\t<div class=\"elementor-element elementor-element-3354262 elementor-arrows-position-inside elementor-pagination-position-outside sc_fly_static elementor-widget elementor-widget-image-carousel\" data-id=\"3354262\" data-element_type=\"widget\" data-settings=\"{&quot;slides_to_show&quot;:&quot;1&quot;,&quot;navigation&quot;:&quot;both&quot;,&quot;autoplay&quot;:&quot;yes&quot;,&quot;pause_on_hover&quot;:&quot;yes&quot;,&quot;pause_on_interaction&quot;:&quot;yes&quot;,&quot;autoplay_speed&quot;:5000,&quot;infinite&quot;:&quot;yes&quot;,&quot;effect&quot;:&quot;slide&quot;,&quot;speed&quot;:500}\" data-widget_type=\"image-carousel.default\">\n\t\t\t\t<div class=\"elementor-widget-container\">\n\t\t\t\t\t<div class=\"elementor-image-carousel-wrapper swiper\" dir=\"ltr\">\n\t\t\t<div class=\"elementor-image-carousel swiper-wrapper\" aria-live=\"off\">\n\t\t\t\t\t\t\t\t<div class=\"swiper-slide\" role=\"group\" aria-roledescription=\"slide\" aria-label=\"1 sur 1\"><figure class=\"swiper-slide-inner\"><img decoding=\"async\" class=\"swiper-slide-image\" src=\"https:\/\/bistrotcolette.com\/thevillage\/wp-content\/uploads\/2025\/10\/Menu-a-emporter--728x1024.png\" alt=\"Menu a\u0300 emporter\" \/><\/figure><\/div>\t\t\t<\/div>\n\t\t\t\t\t<\/div>\n\t\t\t\t<\/div>\n\t\t\t\t<\/div>\n\t\t\t\t<div class=\"elementor-element elementor-element-26203984 sc_fly_static elementor-widget elementor-widget-text-editor\" data-id=\"26203984\" data-element_type=\"widget\" data-widget_type=\"text-editor.default\">\n\t\t\t\t<div class=\"elementor-widget-container\">\n\t\t\t\t\t\t\t<!-- wp:image -->\n<figure class=\"wp-block-image\"><img\/><\/figure>\n<!-- \/wp:image -->\t\t\t\t\t\t<\/div>\n\t\t\t\t<\/div>\n\t\t\t\t\t<\/div>\n\t\t<\/div>\n\t\t\t\t\t<\/div>\n\t\t<\/section>\n\t\t\t\t<\/div>\n\t\t","protected":false},"excerpt":{"rendered":"<p>Commandez vos plats \u00e0 emporter ! Au Bistrot Colette, savourez nos plats faits maison&#8230; m\u00eame chez vous !Nous vous proposons un service de commande par t\u00e9l\u00e9phone avec retrait sur place&hellip;<\/p>\n","protected":false},"author":2,"featured_media":20728,"parent":0,"menu_order":0,"comment_status":"closed","ping_status":"closed","template":"","meta":{"footnotes":""},"class_list":["post-21042","page","type-page","status-publish","has-post-thumbnail","hentry"],"_links":{"self":[{"href":"https:\/\/bistrotcolette.com\/thevillage\/wp-json\/wp\/v2\/pages\/21042","targetHints":{"allow":["GET"]}}],"collection":[{"href":"https:\/\/bistrotcolette.com\/thevillage\/wp-json\/wp\/v2\/pages"}],"about":[{"href":"https:\/\/bistrotcolette.com\/thevillage\/wp-json\/wp\/v2\/types\/page"}],"author":[{"embeddable":true,"href":"https:\/\/bistrotcolette.com\/thevillage\/wp-json\/wp\/v2\/users\/2"}],"replies":[{"embeddable":true,"href":"https:\/\/bistrotcolette.com\/thevillage\/wp-json\/wp\/v2\/comments?post=21042"}],"version-history":[{"count":15,"href":"https:\/\/bistrotcolette.com\/thevillage\/wp-json\/wp\/v2\/pages\/21042\/revisions"}],"predecessor-version":[{"id":21153,"href":"https:\/\/bistrotcolette.com\/thevillage\/wp-json\/wp\/v2\/pages\/21042\/revisions\/21153"}],"wp:featuredmedia":[{"embeddable":true,"href":"https:\/\/bistrotcolette.com\/thevillage\/wp-json\/wp\/v2\/media\/20728"}],"wp:attachment":[{"href":"https:\/\/bistrotcolette.com\/thevillage\/wp-json\/wp\/v2\/media?parent=21042"}],"curies":[{"name":"wp","href":"https:\/\/api.w.org\/{rel}","templated":true}]}}