{"id":20559,"date":"2023-11-01T09:08:19","date_gmt":"2023-11-01T08:08:19","guid":{"rendered":"https:\/\/bistrotcolette.com\/thevillage\/?post_type=product&#038;p=20559"},"modified":"2023-11-03T09:53:28","modified_gmt":"2023-11-03T08:53:28","slug":"salade-cesar","status":"publish","type":"product","link":"https:\/\/bistrotcolette.com\/thevillage\/produit\/salade-cesar\/","title":{"rendered":"Salade c\u00e9sar"},"content":{"rendered":"<p>SALADE, POULET R\u00d4TI, BACON, GRANA PADANO, CRO\u00dbTONS, TOMATES CERISES, SAUCE C\u00c9SAR &amp; CR\u00c8ME BALSAMIQUE<\/p>\n","protected":false},"excerpt":{"rendered":"<p>SALADE, POULET R\u00d4TI, BACON, GRANA PADANO, CRO\u00dbTONS, TOMATES CERISES, SAUCE C\u00c9SAR &amp; CR\u00c8ME BALSAMIQUE<\/p>\n","protected":false},"featured_media":20702,"template":"","meta":[],"product_cat":[185],"product_tag":[],"class_list":{"0":"post-20559","1":"product","2":"type-product","3":"status-publish","4":"has-post-thumbnail","6":"product_cat-salades","8":"first","9":"instock","10":"taxable","11":"shipping-taxable","12":"purchasable","13":"product-type-simple"},"_links":{"self":[{"href":"https:\/\/bistrotcolette.com\/thevillage\/wp-json\/wp\/v2\/product\/20559","targetHints":{"allow":["GET"]}}],"collection":[{"href":"https:\/\/bistrotcolette.com\/thevillage\/wp-json\/wp\/v2\/product"}],"about":[{"href":"https:\/\/bistrotcolette.com\/thevillage\/wp-json\/wp\/v2\/types\/product"}],"wp:featuredmedia":[{"embeddable":true,"href":"https:\/\/bistrotcolette.com\/thevillage\/wp-json\/wp\/v2\/media\/20702"}],"wp:attachment":[{"href":"https:\/\/bistrotcolette.com\/thevillage\/wp-json\/wp\/v2\/media?parent=20559"}],"wp:term":[{"taxonomy":"product_cat","embeddable":true,"href":"https:\/\/bistrotcolette.com\/thevillage\/wp-json\/wp\/v2\/product_cat?post=20559"},{"taxonomy":"product_tag","embeddable":true,"href":"https:\/\/bistrotcolette.com\/thevillage\/wp-json\/wp\/v2\/product_tag?post=20559"}],"curies":[{"name":"wp","href":"https:\/\/api.w.org\/{rel}","templated":true}]}}

Salade césar

<p>SALADE, POULET RÔTI, BACON, GRANA PADANO, CROÛTONS, TOMATES CERISES, SAUCE CÉSAR &amp; CRÈME BALSAMIQUE</p>
